**3 - 55*v**3. Calculate u(-10).
-1
Suppose -i - 5 = -8. Let d(w) = 11 - i*w - w - 5 + 7*w. Determine d(-7).
-15
Let h(r) = 2*r + 4. Suppose 3*n = -n - 4. Let k = -3 - n. Let x(c) = c - 1. Let u be x(k). Calculate h(u).
-2
Let d(c) be the third derivative of 0*c + 0 - 1/24*c**4 + 7*c**2 - 1/60*c**5 - 1/3*c**3. What is d(0)?
-2
Let z be 2 - (-1)/(-2 - -1). Let j(x) = x**2 + x. Let q be j(0). Let t(y) = 0*y**2 + 1 + q - y**2 - y. Determine t(z).
-1
Suppose -5*w + 24 = 2*z - w, -2*z + w + 19 = 0. Suppose 300*y + 221 = 317*y. Suppose -y*j + z = -11*j. Let h(p) = p**2 - 7*p. What is h(j)?
-10
Let v(b) = b**2 + 12*b - 7. Let r be v(-16). Suppose 4*d + 2*o - r = -3*o, 81 = 4*d - 3*o. Let i = d + -18. Let t(m) = -m**3 - m**2 + m + 7. Calculate t(i).
7
Let t(u) be the first derivative of -u**6/360 - 7*u**5/120 + 5*u**4/24 + 6*u**3 + 7. Let a(j) be the third derivative of t(j). What is a(-8)?
-3
Let r(c) = 9*c**2 - 2*c - 19. Let o(d) = -4*d**2 + 2*d + 10. Let n(u) = 7*o(u) + 3*r(u). What is n(9)?
4
Let h(v) = v - 3. Let o(f) = f + 9. Let n be o(-8). Suppose 9*w + 20 = 4*w. Let k = w - n. What is h(k)?
-8
Let t(m) = 11*m**2 - 15*m + 6. Let i(p) = -7*p**2 + 10*p - 4. Suppose -3*r = -d - r + 9, 12 = 2*d - r. Let c(h) = d*t(h) + 8*i(h). Calculate c(4).
2
Let i(w) be the second derivative of -1/3*w**3 - 3*w**2 + 0 - 9*w. Calculate i(-4).
2
Let t(k) = -5*k - 2*k + 9*k - 4*k - 6. Give t(5).
-16
Let r(d) = d**3 + 3 - 2*d**3 - 5*d**2 - 1. Suppose z = -3*c + 5*z - 25, -3*c - z = 5. What is r(c)?
-16
Suppose 9*a + 9*a = 54. Let r be (2 - (-2)/(-2)) + 3. Let v(d) = d**2 + r - a + 1 - 9*d - 1. Calculate v(9).
1
Let n(d) = -d - 1. Suppose 39*g - 38*g - 12 = 0. Let l(f) = -f**3 + 13*f**2 - 13*f + 14. Let c be l(g). Determine n(c).
-3
Let q(l) = 3*l + 5 + l + 14*l**2 + 1 - 13*l**2 - 5. What is q(-4)?
1
Let c = 273 + -273. Let q(j) = -j**3 + j**2 + j - 3. Give q(c).
-3
Suppose 0 = -2*l - l - 3. Let k(d) = -193 + 95 - 4*d + 3*d + 99 - 10*d. What is k(l)?
12
Let q = -462 - -469. Let h(d) = -3*d + 24. Determine h(q).
3
Let b(n) = -20*n + 108. Let a be b(6). Let i(f) = f**3 + 11*f**2 - 12*f + 4. What is i(a)?
4
Suppose 0 = 3*j - 3*j - 2*j. Let q(o) be the first derivative of 0*o**3 + 2 + o + 1/4*o**4 + 1/2*o**2. Calculate q(j).
1
Let t(l) = 2*l + 1. Let q = 15 - 15. Suppose 5*s + q*g + 16 = -4*g, 20 = 3*s - 5*g. Suppose 2*d + s*d - 2 = 0. Give t(d).
3
Suppose -r + 4 = -1. Let a(i) = 12*i**2 - 15*i + 9. Let m(j) = 5*j**2 - 7*j + 4. Let u(y) = 2*a(y) - 5*m(y). What is u(r)?
-2
Let r(u) be the first derivative of -30 + 5/2*u**2 + 1/4*u**4 - 4*u - u**3. Give r(3).
11
Let p = 234 - 149. Let h = p - 85. Let j(x) = x + 1. Determine j(h).
1
Let x(a) = 133*a**2 - 138*a**2 - a**3 + 2*a - 3 - 5*a + a. Determine x(-2).
-11
Let u(s) = s**2 - 10*s + 6. Let q be u(9). Let m be 1 + -3*4/q. Let c(p) = p**3 - 4*p**2 - 6*p. Determine c(m).
-5
Let l(x) = x**2 - 19*x + 58. Let z be l(4). Let b(r) be the first derivative of -4*r**3/3 - r**2 + 2. Calculate b(z).
-12
Let v be (1 + -2)*0/2. Let l(y) = -1 + v - 5*y**2 - y**3 + 2*y**2 + 3*y. Let x be (-8)/4*(-6)/(-4) + -1. Determine l(x).
3
Let o(x) = 2*x + 9. Let k = 251 + -257. Give o(k).
-3
Let k = -125 - -135. Let l(i) = 2*i**2 - 21*i - 1. Calculate l(k).
-11
Let k(p) = -11*p**2 + 3*p**2 + 8 + 7*p + 2 + p**3. Let s(t) = -8*t**2 + 41*t + 2. Let n be s(5). Determine k(n).
10
Let f(k) be the second derivative of k**4/12 + 2*k**3/3 + 5*k**2/2 - 103*k. Determine f(-2).
1
Let q(w) = w**2. Let h(j) = -7*j**2 + j - 2. Let r(d) = -h(d) - 6*q(d). Calculate r(3).
8
Let u(t) = -t**3 - 27*t**2 + t + 74. Let q(f) = 6*f**3 + 136*f**2 - 7*f - 371. Let i(o) = -2*q(o) - 11*u(o). What is i(25)?
3
Let u(t) be the third derivative of -1/120*t**6 + 1/12*t**5 - 5/6*t**3 - 1/12*t**4 - 24*t**2 + 0*t + 0. What is u(4)?
3
Let k = -3 - -16. Let i be (k - 12)/((-1)/(-5)). Let r(h) = -2*h**2 - h. Let y(z) = -4*z**2 - 3*z. Let n(v) = i*r(v) - 2*y(v). Determine n(-2).
-10
Let h(p) = 2*p**2 + p + 9. Let m(w) = 5*w**2 + 3*w + 26. Let d(u) = 8*h(u) - 3*m(u). Determine d(4).
6
Let h(s) = -s**2 - 6*s + 1. Let v be ((-9)/(-3))/((-3)/14). Let i = v + 13. Let r be i*1 + 7 + -9. What is h(r)?
10
Let z(o) = -o**2 - 3*o - 1. Let f(i) = 2*i**2 + 7*i + 2. Let p(c) = -6*f(c) - 13*z(c). Let m = 10 - 7. Let q be p(m). Let d(g) = g + 1. Calculate d(q).
2
Let n be (-171)/(-18) + ((-5)/2)/(-5). Suppose 12 = -4*i + 4*z, -z = 3*i - 5*z + n. Let y(h) = h**2 + 4*h - h - 5*h - 3. Calculate y(i).
5
Let h(j) = -j**3 + 8. Let b be h(0). Let p(c) = 0*c**2 + 2*c + 10 - 5*c - c**2 - 1 + 9*c. Calculate p(b).
-7
Suppose 12 - 8 = 2*p. Suppose -2*l + 0*l + 4 = 0. Let a(y) = -6*y**l + 2*y**2 - y**3 - 4*y - y**2 - 1 + p. Determine a(-4).
1
Suppose -32*y - 8 = -36*y. Let n(t) = -4*t**3 - t**2 + t - 2. Determine n(y).
-36
Let k(t) be the third derivative of -5/3*t**3 - 10*t**2 + 0 + 1/120*t**5 + 0*t**4 + 0*t. Let v(q) be the first derivative of k(q). Calculate v(0).
0
Let l(j) = j**3 - 3*j**2 - 4*j + 1. Suppose 3*s + 124 = -s - 4*c, 5*s + 183 = 2*c. Let i = s - -38. Give l(i).
-11
Let h(i) be the third derivative of i**6/120 - i**5/60 - i**4/24 + i**3/6 - 14*i**2 + 4. What is h(0)?
1
Let i(y) be the third derivative of y**6/720 - y**5/30 - y**4/4 + 11*y**2. Let g(k) be the second derivative of i(k). Determine g(6).
2
Let x be (1 + -1)/(2/(-1)). Let s be x/2 + -4 + 3. Let w = -6 - s. Let y(g) = -g**3 - 5*g**2 - 2*g - 7. Give y(w).
3
Let q(v) be the third derivative of -v**5/60 + v**4/24 + v**3/6 + v**2. Let w be ((-2)/(-7) - 0) + 5/(1260/(-72)). Give q(w).
1
Let u = 15 + -10. Let v(r) = -3*r + u + 4*r - 3. Let j(p) = p**2 - 166*p + 1109. Let a be j(7). Determine v(a).
-2
Let c(u) = 3*u**2 - 2*u - 3. Let v(q) = 1 + 13*q**2 + 14 + q - 26 - 8*q. Suppose 3*w = -10 - 17. Let a(g) = w*c(g) + 2*v(g). Calculate a(5).
0
Suppose -10*h = -3 - 27. Let a(c) = 6*c - 16 + 6 + 8 - 2*c. Calculate a(h).
10
Suppose 0 = -0*p - 3*p. Let s(a) be the first derivative of a**2/2 - 6*a - 8. Determine s(p).
-6
Let b(j) = j - 1. Suppose -72 = 5*l + 58. Let r be 2 - (-4)/(-8)*l. Suppose -m = f, -r = -f + 3*m - 7*m. Determine b(f).
-6
Suppose 3*n + 3*l = 147 - 12, n - 25 = 3*l. Let z(d) = 83*d - n*d - 37*d - 2. Calculate z(-2).
-14
Suppose -z + 2*z = 2*a + 12, 3*z = -a + 8. Let c(h) = 5*h - 6*h - z + h**3 + 10*h**2 - 13*h**2. Give c(4).
8
Let m(p) = -p - 2 - 2 + 2 + 0*p. Let x be 5/1*(-1 - 0). Let l be 2/x + 10/25. Calculate m(l).
-2
Let b(h) = -2*h + 3. Let g(j) = j - 7. Let c be g(9). Suppose 4*r + c = -14. Let t = r + 7. Determine b(t).
-3
Let m(z) = z**3 - 177 + 3*z + 178 - 4*z + 5*z**2. Give m(-5).
6
Let o(p) = -p**2 - p - 1. Let s(m) = -5*m**2 - 4*m - 8. Let a(d) = -4*o(d) + s(d). Let i(c) = -2*c**2 - 87*c - 126. Let n be i(-42). Determine a(n).
-4
Let c be 4/2 + 0/(-1). Let s(g) be the second derivative of g**4/12 - 4*g**3/3 + 4*g**2 + 29*g. Let k(z) = 1. Let p(i) = c*k(i) - s(i). Calculate p(5).
9
Let j(c) = 2*c - 32. Let a be j(17). Let m(o) = -a*o + 2 - o + 0 + o. Let w = -11 - -16. Calculate m(w).
-8
Let r be ((-6 + 1)*1)/(45/(-54)). Let h(d) be the first derivative of -r - 4*d - 1/2*d**2. Calculate h(-4).
0
Let h be (-6)/(-9) + (-28)/(-3). Suppose p - 4*v = h, -p + 7 = -4*v + v. Let w(t) be the second derivative of t**5/20 - t**4/12 - t**3/3 + 285*t. Give w(p).
-8
Let o(d) = 2*d + 3. Suppose 2*j - 15 + 9 = 0. Let i(h) = 3*h + 7. Let x(g) = j*i(g) - 7*o(g). Calculate x(3).
-15
Let b(q) = q. Suppose 87*p - 4 = 85*p. Let y(g) = -3*g. Let s(w) = p*y(w) + 4*b(w). Calculate s(1).
-2
Let p be (3 - 0) + 0 + -1. Let s(d) be the first derivative of -4*d + 0 + p*d**2 - 3*d - d + 2. What is s(6)?
16
Let r be 3 - (-4 + 20/4). Suppose 2*a = -r*a. Let p(l) be the third derivative of -l**5/60 - 7*l**3/6 - 2*l**2. What is p(a)?
-7
Let j be (-685)/411 + (-14)/(-3). Let t(d) = -2*d + 2. Let z(g) = 5*g - 5. Let f(o) = -14*t(o) - 6*z(o). Give f(j).
-4
Suppose 3*g - g = -4. Let n(h) = h**2 - 5*h. Let m(w) = 21 - w**2 + w - 22 + 0*w**2. Let j(z) = 2*m(z) + n(z). Calculate j(g).
0
Let i = -4 - -1. Let k = i - -6. Let r(v) = -24*v + 5 + 23*v - 1 - k. Give r(-4).
5
Let w(h) = -h**2 + 15*h - 18. Suppose 0 = 7*s - 445 + 361. What is w(s)?
18
Let z(w) = 7*w + 96 - 183 + 89. Give z(-5).
-33
Let u(a) = a**2 - 11*a - 13. Suppose 2 = b - 5*c - 0, 4*b = 5*c + 38